ose 0 = 4*p - o + 2*o + 59, -4*o + 20 = 0. What is the tens digit of g(p)?
2
Suppose -3*k - 169 = -j - 0*k, -j + 2*k + 171 = 0. What is the tens digit of j?
7
Suppose 0 = -5*l + 36 - 6. What is the units digit of 139/(l/2 + -2)?
9
Let h = -2273 - -5275. What is the units digit of h?
2
Suppose -3*d - 1616 = 5*d. Let o = d + 306. What is the units digit of o?
4
Suppose 0 = -1398*s + 1400*s - 12680. What is the hundreds digit of s?
3
Suppose -22 - 71 = -3*o. Let h = -25 + o. What is the units digit of h?
6
Let l(g) = -g**2 + 19*g + 5. Let u be l(19). Suppose -4*v = u*x - 164, 196 = 5*x - 3*v - v. Suppose -80 - x = -4*a. What is the tens digit of a?
2
Let k(q) = q**2 - 4*q - 12. Let r be k(6). Suppose 19 = 4*u - 1. Suppose 3*f - 4*c = 2*f + 25, r = -u*f + 2*c + 161. What is the tens digit of f?
3
Suppose 3*j - 3*z + 2 = 14, 0 = 2*z. Suppose 210 = 4*q - 2*v, -q + j*q = -5*v + 125. What is the units digit of q?
0
Let m(q) = -q**2 - q + 2. Let c be m(1). Suppose -5*w - 4 + 24 = c. Suppose 0 = w*v - 3*v - 31. What is the units digit of v?
1
Let m(y) = y**3 - 9*y**2 + 9*y + 6. Let p(q) = 9*q**3 + q**2 - 1. Let s be p(1). Let u be m(s). Suppose 1 + u = 4*l. What is the units digit of l?
2
Let b be 862/(-10) - 5/(-24 + -1). Let l = -169 + 21. Let o = b - l. What is the tens digit of o?
6
Let c(r) = -r**3 - 5*r**2 + 3*r + 4. Suppose 3*t + 9 = -12. What is the tens digit of c(t)?
8
Let w(d) = -10*d - 5. Let t be w(-5). Let z(l) = 534*l - 2. Let m be z(-2). What is the tens digit of (-2)/(-9) - m/t?
2
Let t = 722 - 565. What is the units digit of t?
7
Let k(d) = -d**2 - 2*d + 181. Let m be k(0). Let v = m + -90. Let h = 133 - v. What is the units digit of h?
2
Let j = 11 + -10. Let n be -6*(3/(-2) + j). Suppose f + n = 15. What is the tens digit of f?
1
Let j be (-11 + -1)/3 + 3. Let m be 8 + 3 + j - 0. Suppose 2*p + w - 84 = -w, m = 5*w. What is the tens digit of p?
4
What is the hundreds digit of (-2473)/(-7) - ((-560)/98 + 6)?
3
Let v be ((-8)/(-1))/((-1)/2). Let m = 61 + v. What is the tens digit of m?
4
Let n(h) = -34*h + 9. Let o be n(-11). Suppose 2*f + 5*v - o = 0, -3*f - 3*v = 75 - 636. What is the units digit of f?
4
Let o(h) = h**2 - 3*h + 2. Let p be o(1). What is the units digit of (90 - p)*2/3?
0
Let r(d) = d**2 + 4*d + 5. Let i be r(4). Let c = i - 7. What is the tens digit of c?
3
Suppose -4*w + t = -6120 - 4069, 0 = w - t - 2551. What is the hundreds digit of w?
5
Suppose 2*j + 2*j + 60 = 0. Let t = j + 14. Let k = 2 + t. What is the units digit of k?
1
Let h(r) = -6*r + 75. Let j be h(0). Let a = 3 + 0. Suppose 0 = -a*w + 42 + j. What is the tens digit of w?
3
Let z(i) be the second derivative of -i**4/12 + 3*i**3 - 2*i**2 + 2*i. Let w be z(12). Suppose 3*b = 5*b - w. What is the tens digit of b?
3
Let d be ((-124)/(-44) - 0) + (-4)/(-22). Suppose q - 166 = -4*s, 154 = -2*q + d*q + s. What is the tens digit of q?
5
Let a(m) = m**2 + 8*m + 10. Let y be a(-8). Suppose y*s - 996 = 764. What is the hundreds digit of s?
1
Suppose 138*a - 4130 = 133*a. What is the units digit of a?
6
Suppose 0 = -10*c - 3*c + 2834. What is the units digit of c?
8
Let a be 5/(-10)*4 - -16. Suppose a*o - 9 - 5 = 0. What is the units digit of o?
1
Let h = -2666 - -5484. What is the thousands digit of h?
2
Let z(o) = o**2 - 16*o + 16. Let x be z(15). Let v = 9 - x. What is the units digit of v?
8
Let r be (-16)/8*4/2. Let m(l) = 7. Let f(u) = u**2 - 6. Let p(q) = 3*f(q) + 2*m(q). What is the tens digit of p(r)?
4
Suppose -56*i = -49*i - 7. What is the units digit of (29 - (-4)/i)/((-3)/(-22))?
2
Suppose 3*w = 13 + 47. Let j = 10 + -24. Let v = w + j. What is the units digit of v?
6
Let v = 3900 + -2669. What is the hundreds digit of v?
2
Let g(w) = w**2 + w + 1. Let p be g(5). Let f = 52 - p. What is the units digit of f?
1
Suppose 129 = 18*o - 123. What is the units digit of o?
4
Suppose 2*g = -3*a + 6, a + 2*a + 3 = -5*g. Let w(f) = 4*f**3 - 3 - 3*f**3 + 6 + 2 - 4*f**2 + 3*f. What is the tens digit of w(a)?
1
Let b(m) = 3*m**3 - 15*m**2 + 4*m + 8. Let n(h) = -2*h**3 + 15*h**2 - 3*h - 7. Let a(l) = -3*b(l) - 4*n(l). What is the tens digit of a(-16)?
6
Suppose b + 6*k = k + 21, -4*b = 5*k - 39. Let v(m) = -3*m - m + 3*m**2 + b - 5. What is the units digit of v(3)?
6
Let i(k) = k**3 - 8*k**2 - 80*k - 28. What is the thousands digit of i(20)?
3
Let q = -120 + 72. Let j be q/10*45/(-6). What is the units digit of (-277)/(-9) - (-8)/j?
1
Let q(o) = -o + 4. Let j be q(1). Suppose 2*w + 188 = j*z, -3*z = w - 237 + 43. What is the tens digit of z?
6
Suppose 114 = -3*m + 3*k, 3*m + 0*m = -k - 102. Let a = 148 + -64. Let j = a + m. What is the tens digit of j?
4
Suppose -3*x = -5*o + 535, 3*x - 15 = -0. Suppose 0 = -2*z + 78 + o. What is the units digit of z?
4
Suppose -m + 3*f + 12 = 0, -f = 5*m + f + 8. Let x = m - -3. Suppose -r = -x*r + 54. What is the tens digit of r?
2
Let p be (-2)/4*1336/(-1). Suppose 6*z = p + 202. What is the tens digit of z?
4
Let t = 230 - 29. Suppose -4*n = -n - t. What is the units digit of n?
7
Suppose -x = -22 + 20. Suppose -3*h + 59 = 2*k, 2*h + x*h = -3*k + 89. What is the units digit of k?
1
Suppose -301 = 2*u - 1111. What is the units digit of u?
5
What is the thousands digit of (-200050)/(-42) - (86/21 + -4)?
4
Suppose -425 = 5*t - 1230. What is the tens digit of (-10944)/(-46) - (-14)/t?
3
Suppose 24 = -o + 5*o. Suppose -o*s = -4*s - 12. What is the units digit of 116/8 - (-3)/s?
5
Let v(f) = f**2 - f - 3. Let a be (-33)/(-4) - (-18)/24. Suppose -y + a = 5*g - 4, 12 = 2*g - 3*y. What is the units digit of v(g)?
3
Suppose -5*k - 5 = -2*f - 37, 5*k = 20. What is the tens digit of 57 - ((-4)/f)/((-8)/36)?
6
What is the thousands digit of (-6817)/(-4) + (5 - 0)/(-20)?
1
Let b be 6 + (1 - 5) + 1. Suppose j - 292 = -b*j - 2*g, 4*g + 268 = 4*j. Suppose -5*z + j + 84 = 0. What is the units digit of z?
1
Let m(a) = 5*a + 7. Let l = 72 - 50. What is the hundreds digit of m(l)?
1
Suppose -2*u = -4*u + 4. Let a be ((-21)/u)/((-9)/(-12)). What is the units digit of (-7)/a*1*12?
6
Suppose 0 = z - 4*a - 2 - 9, -5*z - 2*a = -11. Let p = -159 - -224. Suppose -z*n + p = -112. What is the tens digit of n?
5
Let j(r) be the second derivative of 8*r**3/3 - r**2/2 + r. Suppose 49 - 63 = -7*t. What is the units digit of j(t)?
1
Let v be -3*(((-24)/9)/(-4) + -3). Suppose -3*g - 376 = -v*g. What is the tens digit of g?
9
Let d(k) be the first derivative of -2*k**3/3 + 5*k**2 + 3*k - 3. Let v be d(7). Let i = v + 56. What is the units digit of i?
1
Suppose -5*i + 2245 = -6*f + 5*f, -2*f = 5*i - 2245. What is the hundreds digit of i?
4
Suppose 3*j - 7*x = -2*x - 7, x - 5 = 0. What is the tens digit of (102/9)/(4/j)?
1
Let c = -1626 + 2994. What is the units digit of (2/4)/(9/c)?
6
Suppose h = -4*a + 3414, 2*a + 432 = -3*h + 2134. What is the units digit of a?
4
What is the thousands digit of (-4 - 626)/(1/(-6))?
3
Suppose -2*j = 0, 2*o - j = 303 + 201. What is the units digit of o?
2
Suppose 2*m - 32 = 3*k, 34 = -3*k - m + 5*m. Let z = k - -12. Suppose 3*s = 8*s, -z*s = -3*g + 66. What is the units digit of g?
2
Suppose 0 = 2*a, 2*k - 122 = -0*k - 5*a. What is the tens digit of k?
6
Suppose -18 = -4*c + m, 0 = 2*c - 3*m - 5 + 1. Let r(a) = 10*a + 9. What is the tens digit of r(c)?
5
Let a = -619 - -918. What is the units digit of a?
9
Let t = -116 + 40. Let r = t - -157. What is the tens digit of r?
8
Let n be 119/((-1 + -3)/(-4)). Let d = n - 63. What is the units digit of d?
6
Let j(p) = -803*p**3 - p**2 - p - 1. What is the tens digit of j(-1)?
0
Let f(s) be the first derivative of -s**4/4 + 2*s**3 + 3*s + 7. What is the tens digit of f(3)?
3
Let t be 9/4 + 2/(-8). Suppose 0 = 5*x - t*n - 685, -x + 22 + 128 = -3*n. Suppose 3*b = 4*h - x, -2*h - b = b - 78. What is the units digit of h?
6
Let h(a) = -a**3 - 9*a**2 + 4*a + 119. What is the units digit of h(-13)?
3
Let x(d) = -2*d + 28. Let w be x(12). Suppose -4*g + 2*p = -116, w*p - 76 = g - 4*g. What is the units digit of g?
8
Let m = -46 - -74. What is the units digit of (-8)/(-28) - 12/m*-4?
2
Let p(z) = 7*z - 3. Let i(y) = y + 19. Let u(b) = -b**3 - 5*b**2 - 3*b - 4. Let n be u(-3). Let m be i(n). What is the tens digit of p(m)?
3
Suppose -4*b - b - 22 = 4*h, -13 = 5*b + h. What is the hundreds digit o